e factors of (24/15)/(t/5)?
2
Let q = -9 - -4. Let c = -2 - q. Suppose -2*g + 10 = -2*b, g + c*g = 3*b + 25. What are the prime factors of g?
2, 5
Let f = 27 - 21. Suppose -3*l = -81 - 9. Suppose -f*u = -u - l. What are the prime factors of u?
2, 3
Let d(a) = a**2 - a - 3. Let b be d(3). Let j(t) = t + 1. Let w be j(4). Suppose -26 = -b*f - 4*k + 44, w*k = 3*f - 34. List the prime factors of f.
2, 3
Suppose 0*h - 4 = h. What are the prime factors of (-2)/h*(-2 - -26)?
2, 3
Let j = -71 - -69. Let z(u) = 2*u - 2*u - 2*u - 1 + 3*u**2. List the prime factors of z(j).
3, 5
Let n(j) = -j**3 + 6*j**2 + j - 10. List the prime factors of n(3).
2, 5
Let a be (1 - -2)/(7/35). Suppose -3*g = -24 - a. What are the prime factors of g?
13
Let d be (-2)/(-2) + (-3)/(-1). What are the prime factors of d/(-3)*(-30)/4?
2, 5
Let g = 237 - 157. List the prime factors of g.
2, 5
Let z(d) be the third derivative of d**6/120 + d**5/10 + 5*d**4/24 + d**3/6 + 2*d**2. Let l be z(-5). What are the prime factors of (l - 1) + (7 - -1)?
2
Let c = -25 - -30. List the prime factors of c.
5
Let c(j) = -45*j + 15. What are the prime factors of c(-4)?
3, 5, 13
Suppose 0 = -c + 2*c - 9. Let i = c + 5. Let b = i + 1. List the prime factors of b.
3, 5
Let r = -18 + 39. Let s be 0 - (2 - r/3). Suppose -3*u + 10 = -s. List the prime factors of u.
5
List the prime factors of -2*2/(-20) + 507/65.
2
Let c = -4 + 7. Suppose -7 = -c*t + 8. Suppose 34 = 2*h + m - t*m, 5*h - 29 = -4*m. List the prime factors of h.
3
Suppose -3*b + 9 = 0, u + 11 = -2*b + 3*b. Let q = u - -11. List the prime factors of q.
3
What are the prime factors of ((-30)/25)/(2/(-130))?
2, 3, 13
What are the prime factors of 8/(-12)*705/(-10)?
47
Let i = -2 - 3. Let n(q) = 2*q**2 + 6*q - 7. List the prime factors of n(i).
13
Suppose 2148 - 720 = 5*y + 4*x, -5*y + 1446 = -2*x. List the prime factors of y.
2, 3
Let g be 2 + 1 + 2/(-1). Let w = 10 - g. List the prime factors of w.
3
Let n(h) = h**2 + 2*h - 2. Suppose 9 = 5*v + 39. What are the prime factors of n(v)?
2, 11
Suppose -4*m + 137 = -0*m - 5*w, -4*w = -2*m + 76. What are the prime factors of m?
2, 7
Suppose 5*n = m, -5*m - 4*n = -17 - 12. Suppose -5*t = m*u - 0*u - 100, 3*u - 65 = -2*t. What are the prime factors of u?
5
Suppose j - 4*j + 27 = 0. Suppose 32 = j*z - 5*z. List the prime factors of z.
2
Let d(z) = 11*z**2 + 34*z + 15. Let l(k) = 5*k**2 + 17*k + 7. Let r(a) = 4*d(a) - 9*l(a). What are the prime factors of r(-15)?
3
Suppose 5*p - 554 = -j, -4*p + 173 + 266 = 5*j. List the prime factors of p.
3, 37
Let s = -3 + 7. Let g be 3/(-3) + (-66)/(-2). Suppose 4 = -s*p, 2*j + 0*p + 2*p = g. What are the prime factors of j?
17
Let d(v) be the third derivative of v**5/15 + v**4/24 - v**3/3 + v**2. List the prime factors of d(-2).
2, 3
Let z(h) = 66*h**2 + 2*h + 1. Let m = 8 - 9. Let x be z(m). Suppose -4*v + x = v. What are the prime factors of v?
13
Suppose -w - 2*g + 4 = g, 3*w = -3*g + 12. List the prime factors of w.
2
Let m = -22 - -8. What are the prime factors of 172/(-6)*21/m?
43
Let f(w) = w**3 + w - 1. Let y be f(0). Suppose 4*c = -2*s + 3 + 5, 5*c = -2*s + 8. Let d = s + y. What are the prime factors of d?
3
Suppose 453 = 5*q - 2*y - 2*y, 0 = 5*q - 5*y - 450. What are the prime factors of q?
3, 31
Let f be (-2 + 3)*(0 + -25). Let p = -10 - f. List the prime factors of (-129)/(-15) - (-6)/p.
3
Let h = -9 + 6. What are the prime factors of -1 - h*32/6?
3, 5
Let r = 5 + 0. Suppose -r = w + 4*u, 4*w - 11 = 5*u + 74. Suppose f + 0*k = k - 3, 0 = -3*k + w. What are the prime factors of f?
2
Let m be (-2)/3 + (-76)/12. Let n = 12 + m. What are the prime factors of n?
5
Let h = -1 + 2. Suppose 0 = -s + 2*s + 3*d - h, 4*s + 51 = -d. Let v = 20 + s. List the prime factors of v.
2, 3
Let i(g) be the third derivative of g**5/60 + g**4/6 - 2*g**3/3 + 3*g**2. List the prime factors of i(3).
17
Let a(t) = 11*t**3 - 3*t**2 + t. List the prime factors of a(2).
2, 3, 13
Let l = -124 - -223. What are the prime factors of l?
3, 11
Let y = -94 + 182. What are the prime factors of y?
2, 11
Let p = 7 + -4. Suppose -4*s + p*s = 2*d - 4, 5*d - 22 = -4*s. What are the prime factors of s?
2
Suppose x = 3*v - 305, 0*v - 95 = -v - 3*x. What are the prime factors of v?
101
Let c(q) = 42*q**3 + q**2 - q. Let o be c(1). Suppose -10*t + o = -7*t. List the prime factors of t.
2, 7
Suppose -v - 1 + 4 = 0. Suppose -s - 3 = -v*q - 2, 0 = -5*s + 2*q + 8. What are the prime factors of (-14)/(-4)*4/s?
7
Suppose -3*k + 8*k - 130 = 0. What are the prime factors of k?
2, 13
Let u = 16 + -13. Suppose -18 = -u*x + 51. List the prime factors of x.
23
Suppose 20 + 35 = 5*n. What are the prime factors of n?
11
Let k(d) = -d**2 + 3*d + 3. Suppose 6*g - g - 45 = 0. Suppose 18 = 2*t + 4*x, 5*t = -5*x + 39 - g. What are the prime factors of k(t)?
3
Suppose -3 + 1 = -2*u. Let h = u + 2. Suppose 0*y = -y + h. What are the prime factors of y?
3
Let x(q) be the third derivative of q**5/60 + 5*q**4/24 + 2*q**3/3 - 3*q**2. Let n be x(-3). What are the prime factors of n + 2 + (-40)/(-2)?
2, 5
Suppose 5*y = y - 20. Let p(z) = 3*z - 3. Let q be p(y). What are the prime factors of (-3)/((-3)/q*-2)?
3
Let p(q) = -q**3 + 8. Let z be p(0). Let s = 10 - z. Suppose s*n = 5*x + 23, 0*n + 3*x = 3*n - 39. List the prime factors of n.
2, 7
Suppose 4 = -k + 4*y, -2*y + 2 = -0*k + 3*k. Suppose k = -4*p + 15 + 49. What are the prime factors of (3/2)/(6/p)?
2
Let c = -8 + 10. Suppose c*j - 126 = -3*f, 0 = -0*f + 4*f - 3*j - 151. What are the prime factors of f?
2, 5
What are the prime factors of (-1)/((-2 - -6)/(-36))?
3
Let r(i) be the first derivative of i**4/24 + i**3/2 + i**2/2 - 1. Let a(o) be the second derivative of r(o). What are the prime factors of a(0)?
3
Let l(c) = -c - 3. Let h be l(-6). Let z(u) = 2 - 4 + u + h. What are the prime factors of z(8)?
3
Let n(v) be the third derivative of -v**5/60 + 11*v**4/24 - 2*v**3/3 - v**2. Let a be n(7). Let l = a - 10. What are the prime factors of l?
2, 7
Let x be -12*((-25)/(-2))/5. Suppose -5*y = -2*y - 126. Let t = y + x. What are the prime factors of t?
2, 3
Suppose -g + 5*n = -13, 0 = -n - 4 - 0. Let p(l) = l**3 + 8*l**2 + 6*l - 1. List the prime factors of p(g).
2, 3
Let g(q) = 11*q**2 - 3*q - 9. List the prime factors of g(4).
5, 31
Let i = -8 - -25. List the prime factors of i.
17
Suppose -6*t = -3*t - 102. What are the prime factors of t?
2, 17
Let k = 3 + -2. Let f be (k - (3 - 5)) + 37. Let h = f + -27. What are the prime factors of h?
13
Let m be (-14)/(-18) - (-2)/9. Suppose -4*d + 32 = 4*n - 3*d, -3*n + 5*d + m = 0. List the prime factors of n.
7
Suppose 43 = c + 5*y, 5*c - 120 + 25 = -y. List the prime factors of c.
2, 3
Let g be ((-6)/18)/(2/(-6)). Suppose 5*f - 193 = 4*b - b, -b = g. List the prime factors of f.
2, 19
Suppose 30 = c + 2*w, c - 4*w = w + 51. List the prime factors of c.
2, 3
Suppose 2*i - 10 = -5*w + 19, 27 = i + 5*w. Suppose 2*x - d = -5 + 15, -14 = i*x + 5*d. Suppose -x*n + 10 = -n. List the prime factors of n.
5
What are the prime factors of 278/8 + (-3)/(-12)?
5, 7
Suppose r - 3 = 0, -3*k - r - 15 = -4*r. Let h be k - (2 + -4) - 4. What are the prime factors of 6/h*(-56)/6?
2, 7
Suppose -l = -4*g + 612 - 135, -123 = -g + 4*l. What are the prime factors of g?
7, 17
Suppose -5*m + m = -24. What are the prime factors of m?
2, 3
Let w be 3/(-3)*(-41)/(-1). Let f = -20 - w. Suppose 2*d = -l + f, 2*l + 2*l = -d + 7. List the prime factors of d.
11
Let z be (-5)/(-2) + (-5)/(-10). Let b = z + 3. Suppose -4*i + 34 = 5*h, 0 = i - b*i + 5*h + 65. What are the prime factors of i?
11
Suppose -4*y - 5*i + 21 = 0, i = -y + 2*i + 3. Let j(n) = 0 + 2*n + n**2 + 0 + 0 - y. What are the prime factors of j(-4)?
2
Let f(n) = 127*n**3 - 3*n**2 - n + 2. List the prime factors of f(1).
5
Let s(r) = 2*r + 9. Let i(v) = 8*v + 37. Let d(b) = 2*i(b) - 9*s(b). List the prime factors of d(-5).
3
Let u = -34 + 18. Let c(k) = k**3 + 15*k**2 - 17*k + 19. List the prime factors of c(u).
5, 7
Let d(g) be the first derivative of -g**5/4 - g**4/6 - g**3/6 + 2*g + 2. Let t(w) be the first derivative of d(w). List the prime factors of t(-1).
2
Let x = 67 + 5. List the prime factors of x.
2, 3
Let j be (-149)/(-5) + 1/5. Suppose -9*h + 11*h = j. List the prime factors of